se 11?
-25
What is 3 (base 11) in base 7?
3
20 (base 5) to base 12
a
-20 (base 9) to base 5
-33
What is -70 (base 16) in base 2?
-1110000
Convert -110010 (base 2) to base 15.
-35
What is 0 (base 16) in base 11?
0
Convert -1 (base 9) to base 2.
-1
Convert -25 (base 12) to base 7.
-41
What is -19 (base 14) in base 5?
-43
225 (base 7) to base 16
75
-4 (base 16) to base 14
-4
What is -1044 (base 5) in base 8?
-225
What is 1001 (base 2) in base 12?
9
-1 (base 11) to base 5
-1
What is -23 (base 6) in base 8?
-17
What is 463 (base 7) in base 10?
241
What is 217 (base 12) in base 13?
1a8
-2304 (base 5) to base 6
-1305
Convert 2 (base 16) to base 14.
2
4 (base 14) to base 13
4
1 (base 5) to base 7
1
Convert 216 (base 7) to base 8.
157
-30 (base 9) to base 13
-21
What is 2a (base 13) in base 12?
30
What is -3 (base 9) in base 12?
-3
Convert -1 (base 10) to base 9.
-1
What is 1 (base 9) in base 8?
1
-49 (base 12) to base 8
-71
-10 (base 10) to base 15
-a
2 (base 3) to base 6
2
Convert -2 (base 14) to base 5.
-2
Convert 21 (base 11) to base 13.
1a
-3f (base 16) to base 8
-77
10 (base 3) to base 2
11
What is 2 (base 16) in base 3?
2
Convert 0 (base 15) to base 2.
0
16 (base 7) to base 3
111
Convert 10 (base 8) to base 3.
22
Convert -a0 (base 13) to base 14.
-94
What is -4 (base 5) in base 11?
-4
Convert -31 (base 12) to base 3.
-1101
Convert -41 (base 5) to base 8.
-25
What is -63 (base 9) in base 15?
-3c
Convert -46 (base 12) to base 16.
-36
Convert 12 (base 8) to base 4.
22
Convert 10030 (base 4) to base 5.
2033
236 (base 7) to base 12
a5
Convert 6 (base 14) to base 2.
110
Convert 122 (base 4) to base 16.
1a
What is 14a (base 15) in base 4?
10213
-11 (base 8) to base 14
-9
What is -12 (base 11) in base 5?
-23
What is 10 (base 7) in base 5?
12
-203 (base 6) to base 11
-69
Convert 100 (base 5) to base 3.
221
Convert -3 (base 9) to base 10.
-3
-b (base 16) to base 4
-23
What is -10 (base 3) in base 2?
-11
-12 (base 4) to base 10
-6
Convert -b (base 14) to base 5.
-21
7 (base 12) to base 16
7
Convert -225 (base 6) to base 3.
-10022
1 (base 9) to base 8
1
-48 (base 10) to base 16
-30
Convert -333 (base 6) to base 3.
-11210
-3d (base 15) to base 9
-64
Convert -f (base 16) to base 13.
-12
-132 (base 5) to base 7
-60
What is 433 (base 5) in base 8?
166
f (base 16) to base 2
1111
What is -10112 (base 3) in base 15?
-65
107 (base 8) to base 16
47
-113 (base 10) to base 15
-78
-112 (base 7) to base 2
-111010
Convert 2 (base 9) to base 13.
2
What is 10 (base 5) in base 6?
5
Convert -11 (base 4) to base 5.
-10
Convert -341 (base 9) to base 10.
-280
What is -4 (base 8) in base 3?
-11
What is -1101 (base 4) in base 13?
-63
Convert 105 (base 8) to base 12.
59
-21 (base 12) to base 10
-25
Convert 13 (base 7) to base 4.
22
-3 (base 5) to base 10
-3
b (base 12) to base 4
23
-2 (base 7) to base 11
-2
Convert 9 (base 13) to base 15.
9
What is 4b (base 15) in base 10?
71
What is 8 (base 9) in base 3?
22
What is -414 (base 5) in base 3?
-11001
1 (base 8) to base 9
1
What is -34 (base 5) in base 12?
-17
Convert -8 (base 13) to base 5.
-13
What is 3 (base 12) in base 14?
3
What is -1104 (base 5) in base 11?
-130
7 (base 14) to base 6
11
35 (base 12) to base 10
41
What is -1022 (base 3) in base 8?
-43
Convert -11 (base 11) to base 4.
-30
What is -6 (base 15) in base 4?
-12
Convert 22 (base 3) to base 16.
8
22 (base 11) to base 14
1a
4 (base 15) to base 7
4
Convert -14 (base 5) to base 4.
-21
-5 (base 14) to base 3
-12
Convert 13 (base 9) to base 13.
c
Convert -65 (base 10) to base 8.
-101
What is 47 (base 10) in base 2?
101111
Convert a6 (base 12) to base 14.
90
11 (base 3) to base 2
100
-d (base 14) to base 8
-15
-311 (base 4) to base 2
-110101
-311 (base 4) to base 12
-45
What is 40 (base 12) in base 10?
48
What is 0 (base 2) in base 16?
0
Convert 1332 (base 4) to base 10.
126
Convert -57 (base 10) to base 5.
-212
What is 67 (base 9) in base 13?
49
-9 (base 15) to base 10
-9
Convert -8 (base 13) to base 16.
-8
Convert -2 (base 6) to base 3.
-2
Convert -1 (base 2) to base 13.
-1
-110000 (base 3) to base 2
-101000100
What is -121 (base 4) in base 5?
-100
Convert 2002 (base 3) to base 14.
40
What is -440 (base 5) in base 15?
-80
What is -3310 (base 4) in base 13?
-15a
11 (base 6) to base 14
7
-10 (base 13) to base 4
-31
Convert 0 (base 13) to base 6.
0
What is -100 (base 11) in base 12?
-a1
Convert -7 (base 13) to base 3.
-21
What is 10 (base 6) in base 5?
11
-3 (base 14) to base 5
-3
ce (base 15) to base 4
3002
Convert 2 (base 13) to base 3.
2
-2 (base 8) to base 12
-2
What is 16 (base 7) in base 10?
13
Convert -300 (base 6) to base 14.
-7a
-2 (base 13) to base 4
-2
-4 (base 7) to base 3
-11
Convert -1011 (base 2) to base 13.
-b
-122 (base 8) to base 10
-82
What is -8 (base 13) in base 12?
-8
Convert -5 (base 13) to base 3.
-12
Convert 66 (base 7) to base 5.
143
Convert -62 (base 15) to base 8.
-134
Convert 1 (base 2) to base 12.
1
What is 11 (base 2) in base 11?
3
-3 (base 9) to base 6
-3
Convert -10010110 (base 2) to base 11.
-127
-14 (base 7) to base 9
-12
What is 20220 (base 3) in base 15?
c6
Convert 6 (base 10) to base 5.
11
What is -11 (base 4) in base 3?
-12
Convert 1 (base 3) to base 7.
1
-2 (base 15) to base 2
-10
Convert 261 (base 9) to base 2.
11011001
What is 3 (base 7) in base 12?
3
-7 (base 12) to base 7
-10
What is -1 (base 6) in base 5?
-1
What is -31 (base 9) in base 13?
-22
Convert 5 (base 10) to base 5.
10
What is 10 (base 6) in base 13?
6
363 (base 8) to base 13
159
166 (base 7) to base 10
97
-a (base 14) to base 13
-a
Convert -3030 (base 4) to base 11.
-176
What is -42 (base 8) in base 5?
-114
What is 1a (base 14) in base 11?
22
Convert -1 (base 13) to base 9.
-1
What is 8 (base 10) in base 16?
8
21 (base 13) to base 7
36
Convert 3 (base 6) to base 4.
3
0 (base 14) to base 7
0
-17 (base 15) to base 10
-22
Convert 11000 (base 3) to base 16.
6c
What is -5 (base 11) in base 4?
-11
Convert -222 (base 5) to base 7.
-116
Convert -5 (base 14) to base 7.
-5
Convert 252 (base 6) to base 9.
125
-16 (base 15) to base 6
-33
Convert 1101001 (base 2) to base 3.
10220
1a (base 14) to base 12
20
Convert 3 (base 7) to base 11.
3
30 (base 4) to base 12
10
2 (base 9) to base 15
2
What is 6 (base 9) in base 5?
11
What is 4 (base 7) in base 8?
4
What is 23 (base 9) in base 13?
18
39 (base 12) to base 3
1200
Convert -1 (base 15) to base 6.
-1
What is 12 (base 8) in base 16?
a
What is 7 (base 10) in base 13?
7
What is 103 (base 9) in base 14?
60
Convert -71 (base 8) to base 7.
-111
What is 137 (base 13) in base 16?
d7
What is 5 (base 10) in base 11?
5
What is -5 (base 12) in base 8?
-5
What is 9 (base 16) in base 4?
21
Convert 6 (base 8) to base 3.
20
Convert 29 (base 11) to base 12.
27
Convert -4 (base 6) to base 9.
-4
What is -6 (base 12) in base 7?
-6
Convert -13 (base 11) to base 9.
-15
What is -7 (base 12) in base 3?
-21
Convert 5 (base 16) to base 8.
5
Convert -24 (base 15) to base 6.
-54
Convert a9 (base 14) to base 11.
126
Convert 200 (base 3) to base 14.
14
What is -213 (base 4) in base 5?
-124
-4 (base 9) to base 8
-4
Convert 32 (base 6) to base 14.
16
What is -2a (base 13) in base 14?
-28
17a (base 12) to base 9
284
Convert 210 (base 5) to base 4.
313
What is -13b (base 13) in base 3?
-22010
What is 1 (base 5) in base 7?
1
Convert 0 (base 11) to base 3.
0
Convert 2 (base 3) to base 11.
2
465 (base 7) to base 11
201
Convert 81 (base 12) to base 11.
89
-212 (base 9) to base 5
-1143
Convert 2 (base 5) to base 4.
2
Convert -8d (base 14) to base 13.
-98
What is -101 (base 2) in base 14?
-5
Convert 111101 (base 2) to base 9.
67
11 (base 8) to base 11
9
What is -22 (base 13) in base 15?
-1d
What is -3 (base 14) in base 3?
-10
Convert -101100 (base 2) to base 8.
-54
Convert 1 (base 11) to base 7.
1
-2 (base 7) to base 11
-2
47 (base 8) to base 3
1110
Convert 10 (base 6) to base 11.
6
9 (base 14) to base 13
9
What is 23 (base 5) in base 12?
11
-3 (base 5) to base 4
-3
1b (base 15) to base 2
11010
What is -234 (base 10) in base 13?
-150
Convert 44 (base 16) to base 10.
68
What is -5d (base 15) in base 2?
-1011000
Convert 301 (base 7) to base 3.
12111
-a6 (base 12) to base 7
-240
Convert 11000 (base 2) to base 12.
20
-11 (base 4) to base 9
-5
Convert 15 (base 8) to base 16.
d
